a composite number?
False
Is 60632329 composite?
False
Is 6275065 composite?
True
Is 921012977 prime?
False
Is 7633039 a prime number?
True
Is 113557657 a prime number?
True
Is 8209157 composite?
True
Is 245810437 prime?
True
Is 38924779 a prime number?
True
Is 3968113 a prime number?
True
Is 105097 a composite number?
False
Is 7492477 composite?
False
Is 26601161 a composite number?
False
Is 1354391 prime?
True
Is 8857403 a composite number?
True
Is 127549373 a prime number?
False
Is 29545369 composite?
True
Is 144754166 a composite number?
True
Is 683159 prime?
True
Is 247899761 composite?
True
Is 987947 prime?
False
Is 85986955 a composite number?
True
Is 7903471 composite?
False
Is 224577917 composite?
False
Is 227305253 a composite number?
True
Is 63753727 a prime number?
True
Is 75654439 a prime number?
False
Is 588767 a composite number?
False
Is 153889381 composite?
False
Is 1132627 prime?
True
Is 1705169 a prime number?
False
Is 190047185 composite?
True
Is 3399659 prime?
True
Is 34628045 a composite number?
True
Is 16233379 a prime number?
True
Is 22636597 a prime number?
True
Is 9729743 composite?
False
Is 2656009 a composite number?
False
Is 274583 a composite number?
False
Is 26599607 a prime number?
True
Is 1490933 a composite number?
False
Is 1228877 a composite number?
True
Is 5237861 a composite number?
True
Is 73631653 prime?
True
Is 5379133 a composite number?
True
Is 7770197 prime?
False
Is 120545434 a prime number?
False
Is 1752181 a prime number?
True
Is 135281939 prime?
False
Is 272433778 composite?
True
Is 631051 a prime number?
False
Is 27659941 a composite number?
False
Is 3867751 a prime number?
False
Is 7851003 composite?
True
Is 3707653 a prime number?
True
Is 8686183 a composite number?
True
Is 30336959 a composite number?
True
Is 43386713 composite?
False
Is 7284103 prime?
False
Is 4190341 composite?
True
Is 5282215 a prime number?
False
Is 17041669 composite?
False
Is 773801 a composite number?
True
Is 858165691 a prime number?
False
Is 123797437 a prime number?
True
Is 43947803 a prime number?
True
Is 24245101 a prime number?
False
Is 3783763 a composite number?
True
Is 23768254 a prime number?
False
Is 208590929 a prime number?
True
Is 82236529 prime?
False
Is 36699799 composite?
False
Is 7627187 a prime number?
True
Is 11590118 a prime number?
False
Is 379073 prime?
True
Is 95375297 a prime number?
True
Is 848957 a composite number?
True
Is 2163911 composite?
False
Is 23017251 a prime number?
False
Is 672253 prime?
False
Is 5548459 composite?
True
Is 12776717 a composite number?
False
Is 2708651 prime?
False
Is 514513 a prime number?
True
Is 2310119 a prime number?
False
Is 1131371 a prime number?
False
Is 5900091 composite?
True
Is 1248997 a composite number?
True
Is 116270783 composite?
False
Is 4162859 composite?
False
Is 331125071 composite?
False
Is 1186440857 a prime number?
False
Is 578465 prime?
False
Is 308393 prime?
False
Is 2123279 a composite number?
False
Is 49255267 a prime number?
True
Is 50640157 composite?
False
Is 42490369 prime?
False
Is 11272501 composite?
False
Is 2825803 prime?
False
Is 1734463 prime?
True
Is 16836461 composite?
True
Is 5365699 a prime number?
False
Is 42031267 a prime number?
True
Is 3302009 a composite number?
True
Is 244975279 a composite number?
False
Is 123625451 prime?
True
Is 276567877 a prime number?
True
Is 14711929 prime?
False
Is 13402409 prime?
False
Is 331201979 composite?
False
Is 1192753 a prime number?
True
Is 106887589 composite?
True
Is 14888537 a prime number?
True
Is 27230257 a prime number?
False
Is 2883667 composite?
False
Is 1620781 prime?
False
Is 14698469 prime?
True
Is 314196497 a prime number?
False
Is 9251821 prime?
True
Is 13837603 a prime number?
False
Is 127984015 a composite number?
True
Is 192737 prime?
True
Is 99368183 a prime number?
True
Is 29671441 a composite number?
True
Is 79020033 a prime number?
False
Is 957811 prime?
True
Is 214991119 prime?
False
Is 8534987 a composite number?
True
Is 460415447 a prime number?
False
Is 708803 a prime number?
True
Is 2675357 composite?
True
Is 2537455 a prime number?
False
Is 453547 a composite number?
True
Is 5903133 composite?
True
Is 4658831 a prime number?
True
Is 35309273 a composite number?
False
Is 8165699 composite?
True
Is 305359141 composite?
True
Is 4166114 composite?
True
Is 3442723 a prime number?
False
Is 197577047 prime?
True
Is 409101997 a composite number?
False
Is 23712583 prime?
False
Is 20981189 a prime number?
True
Is 112924389 prime?
False
Is 27030793 a prime number?
True
Is 66896509 prime?
True
Is 835897 a prime number?
True
Is 1816107 a prime number?
False
Is 242959333 a composite number?
False
Is 224553859 composite?
False
Is 213821 prime?
True
Is 54206813 a prime number?
False
Is 18398059 a composite number?
True
Is 23755593 a prime number?
False
Is 44619413 prime?
True
Is 10038067 a composite number?
True
Is 9675277 a prime number?
True
Is 496342274 prime?
False
Is 100178437 a prime number?
True
Is 447191159 prime?
False
Is 6187789 composite?
True
Is 413310607 a composite number?
False
Is 1036965667 prime?
True
Is 1752181 prime?
True
Is 4835617 prime?
True
Is 1196999 prime?
True
Is 9539609 a prime number?
False
Is 1099297 prime?
False
Is 38910923 a prime number?
False
Is 4776781 a prime number?
False
Is 168090151 a composite number?
False
Is 45709289 a composite number?
False
Is 419171 composite?
False
Is 1523453 a prime number?
True
Is 73291841 a prime number?
False
Is 962413 a prime number?
True
Is 320395591 a prime number?
False
Is 5631627 composite?
True
Is 3193543 a composite number?
False
Is 1482151 a prime number?
False
Is 33348893 composite?
False
Is 3907817 a composite number?
False
Is 1295267 a composite number?
True
Is 2013257 a prime number?
False
Is 828167 a prime number?
False
Is 1867421 prime?
True
Is 562757807 composite?
False
Is 15498257 a composite number?
False
Is 842923 a prime number?
True
Is 6124109 a prime number?
True
Is 1698679 a prime number?
True
Is 7278407 composite?
False
Is 254577643 a composite number?
True
Is 8542751 a prime number?
False
Is 47024557 prime?
True
Is 16937079 a composite number?
True
Is 224323019 a prime number?
True
Is 26073299 a prime number?
False
Is 5755691 a composite number?
False
Is 5642137 prime?
False
Is 18814555 composite?
True
Is 3361889 a composite number?
False
Is 14646311 a composite number?
False
Is 410711417 composite?
False
Is 1828439 prime?
True
Is 18896027 a composite number?
True
Is 2160527 prime?
True
Is 8287379 composite?
True
Is 4166021 a prime number?
False
Is 1064213 prime?
False
Is 11058493 a prime number?
False
Is 29469023 a prime number?
True
Is 9964103 prime?
False
Is 225911573 a composite number?
True
Is 19701281 a composite number?
True
Is 30229673 prime?
True
Is 14449067 a composite number?
False
Is 99848639 a prime number?
False
Is 185049433 a prime number?
True
Is 22116377 a prime number?
True
Is 2926519 composite?
False
Is 7342871 a prime number?
False
Is 3862102 composite?
True
Is 13887953 prime?
True
Is 99904039 prime?
False
Is 2072117 a composite number?
False
Is 384143 prime?
True
Is 14894287 a composite number?
False
Is 89994823 a prime number?
True
Is 1468717 a composite number?
False
Is 50512219 prime?
False
Is 2979797 composite?
False
Is 15092279 prime?
True
Is 33266551 a prime number?
True
Is 5707259 prime?
True
Is 82726381 a composite number?
False
Is 4471853 a prime number?
True
Is 45501937 a prime number?
False
Is 27785273 a composite number?
False
Is 1546427 composite?
True
Is 11272721 composite?
False
Is 673109 a composite number?
False
Is 374050533 a composite number?
True
Is 89609629 a composite number?
False
Is 156520399 prime?
False
Is 44891983 a composite number?
False
Is 8517359 a prime number?
True
Is 85381697 prime?
True
Is 1844411 prime?
True
Is 397308623 composite?
False
Is 1721081 a prime number?
True
Is 40344739 a prime number?
False
Is 4069586 a prime number?
False
Is 27002861 prime?
True
Is 5996953 a composite number?
False
Is 12047 a composite number?
True
Is 278977058 a composite number?
True
Is 2425889 a prime number?
True
Is 585875477 a composite number?
True
Is 549264353 a prime number?
False
Is 10050797 composite?
False
Is 291883883 composite?
False
